4, what is -1 + 703d?
703c
In base 3, what is 12 + -100212212011?
-100212211222
In base 11, what is -3 + 45491a?
454917
In base 8, what is -120 - 31050?
-31170
In base 12, what is 308052 + -1?
308051
In base 13, what is -450 + a0?
-380
In base 6, what is -100 - -3441?
3341
In base 13, what is 3 - -1790?
1793
In base 12, what is 52 - a23?
-991
In base 7, what is -632 + -233?
-1165
In base 6, what is -532144 - 2?
-532150
In base 6, what is 5551501 - -1?
5551502
In base 11, what is -128 - 195?
-312
In base 5, what is 3231 - 211?
3020
In base 8, what is -3430656 - 1?
-3430657
In base 5, what is 10 + -320032?
-320022
In base 11, what is -3 - -1a6a7?
1a6a4
In base 9, what is -7 - 62783?
-62801
In base 2, what is -1010 - -11110001110101?
11110001101011
In base 8, what is -3141 + 5?
-3134
In base 9, what is 5 - 4457?
-4452
In base 15, what is -2a + b66c?
b642
In base 4, what is -1 - 332133120?
-332133121
In base 15, what is -a - -35ae?
35a4
In base 16, what is -71e - -c?
-712
In base 13, what is 3198 - 4?
3194
In base 4, what is 10 - 12113102?
-12113032
In base 5, what is -212434 + -1340?
-214324
In base 8, what is -120024 - 44?
-120070
In base 3, what is 21112 - 12110?
2002
In base 2, what is -1000100 - -10010000110011?
10001111101111
In base 10, what is 1 + -7079?
-7078
In base 16, what is -60f - -27f?
-390
In base 15, what is -5a5 - -7d?
-527
In base 12, what is 23395 - -3?
23398
In base 16, what is 4 + -2b3?
-2af
In base 7, what is -3 + 3005002?
3004666
In base 2, what is 11010101101000010 + 1?
11010101101000011
In base 8, what is -246 + -516?
-764
In base 4, what is -11101 + 120?
-10321
In base 7, what is 13132 + -132?
13000
In base 4, what is -1203133310 + 3?
-1203133301
In base 11, what is -1558 + -10?
-1568
In base 16, what is -2 + -4c60e?
-4c610
In base 2, what is 101010 - 10001?
11001
In base 10, what is -541 + 2706?
2165
In base 6, what is 4542305 - -1?
4542310
In base 10, what is -24 + -214?
-238
In base 9, what is 82114 + -57?
82046
In base 3, what is 211022212 + -2020?
211020122
In base 12, what is -2 - -17415?
17413
In base 15, what is 5 + 196e6?
196eb
In base 14, what is -298 + -410?
-6a8
In base 7, what is 6102 + 2?
6104
In base 12, what is -1817 + -8?
-1823
In base 14, what is -174 + 5?
-16d
In base 10, what is -257 - -350?
93
In base 2, what is 100001101 + 100110000?
1000111101
In base 6, what is 20435240 - 1?
20435235
In base 11, what is 2943 + 318?
3160
In base 14, what is 1bb4 + 90?
1c64
In base 15, what is -86 - 15e8c?
-16023
In base 9, what is -338332 + 2?
-338330
In base 12, what is 1405 + a6?
14ab
In base 3, what is 2 + 102002012?
102002021
In base 6, what is -214545 - -1?
-214544
In base 4, what is 1333 - 1003?
330
In base 15, what is 24 + -6246?
-6222
In base 9, what is -5 + -2718?
-2724
In base 7, what is 4 + -1056361?
-1056354
In base 2, what is 11100011110000 + 10000?
11100100000000
In base 2, what is 1000010010101001101 + 10111?
1000010010101100100
In base 12, what is 1 + 609a4?
609a5
In base 15, what is -5c56 + 39?
-5c1c
In base 3, what is -11 - -11100202?
11100121
In base 14, what is -5 + 1294?
128d
In base 3, what is -2212212200 - 1?
-2212212201
In base 8, what is -1747 + -61?
-2030
In base 9, what is 342777 - 2?
342775
In base 3, what is 2 - 1210201101?
-1210201022
In base 3, what is 1100100 + -1120000?
-12200
In base 6, what is 10310 - -2?
10312
In base 8, what is -600 + -16?
-616
In base 13, what is a04 + -34?
9a0
In base 13, what is 549 - -373?
8bc
In base 16, what is 27 + 4f?
76
In base 13, what is 5 + 271b?
2723
In base 8, what is -1 + 5221?
5220
In base 13, what is -1648 + -b8?
-1733
In base 14, what is -69 - -13?
-56
In base 13, what is -3 + -30c940?
-30c943
In base 7, what is -612 - 5602?
-6514
In base 2, what is 10000100100 + -101001011?
1011011001
In base 16, what is -1e + -3e83?
-3ea1
In base 7, what is 4315436 + 11?
4315450
In base 15, what is -e8 - 5d?
-156
In base 7, what is 33 - 21214?
-21151
In base 2, what is 0 + -101110011101011101?
-101110011101011101
In base 11, what is 3829 + -2?
3827
In base 9, what is -45444 - 3?
-45447
In base 14, what is 6 - 1c059?
-1c053
In base 3, what is 210001010 - 0?
210001010
In base 10, what is -22 - 1927?
-1949
In base 10, what is -29 - -96152?
96123
In base 13, what is 10 + 92c72?
92c82
In base 11, what is -4 - -139a5?
139a1
In base 3, what is 20022212102120 - 0?
20022212102120
In base 3, what is 1020 - -22010022?
22011112
In base 14, what is 4b421 - -14?
4b435
In base 12, what is 6 + -394a1?
-39497
In base 11, what is -1a + 884?
865
In base 8, what is 137516 - 11?
137505
In base 8, what is -545372 + 17?
-545353
In base 9, what is 3 - 14880?
-14876
In base 12, what is 6 - 1580?
-1576
In base 3, what is -10 - -1120120210100?
1120120210020
In base 7, what is -11 - 31245?
-31256
In base 14, what is -2 - d6c?
-d70
In base 8, what is -136 + -536?
-674
In base 7, what is -1 + 3022555?
3022554
In base 4, what is 202 + 12000332?
12001200
In base 12, what is -3 - -29734a?
297347
In base 2, what is 100000101001 - -110100011?
100111001100
In base 10, what is -21 + 665?
644
In base 10, what is -1 + 156794?
156793
In base 12, what is -118 + -a571?
-a689
In base 6, what is 5153455 - -2?
5153501
In base 3, what is -10 - 1002012002?
-1002012012
In base 4, what is 33 - 22121210?
-22121111
In base 7, what is -6 - -3360?
3351
In base 5, what is 214321 - 0?
214321
In base 6, what is 2 - 45303?
-45301
In base 6, what is -250325 + -3?
-250332
In base 8, what is -1764 + 1722?
-42
In base 10, what is 912 + 566?
1478
In base 13, what is 7 - 159ca?
-159c3
In base 11, what is -91 - -2aa?
219
In base 14, what is 7a + -60?
1a
In base 6, what is 3 + 51255?
51302
In base 13, what is a7 + -159?
-82
In base 11, what is -52 + 7a614?
7a572
In base 2, what is -1 + -100110011001100100100?
-100110011001100100101
In base 15, what is 2d8cc - 5?
2d8c7
In base 13, what is -cb8c + 3?
-cb89
In base 3, what is 111112011 - 0?
111112011
In base 10, what is 15397 + -2?
15395
In base 5, what is -102 + -22020?
-22122
In base 16, what is -95d9 + -6d?
-9646
In base 14, what is -28 - -508?
4c0
In base 13, what is 8239 + -4?
8235
In base 8, what is 214 - 5477?
-5263
In base 2, what is -1110101001001 + -1000?
-1110101010001
In base 6, what is 3 + 22112012?
22112015
In base 15, what is -351daa - 2?
-351dac
In base 8, what is -24 - -2641?
2615
In base 9, what is -3553 - 6?
-3560
In base 12, what is 11367a + 3?
113681
In base 3, what is -11020102 - 1?
-11020110
In base 16, what is 1 + 3d?
3e
In base 8, what is 11 - 1502?
-1471
In base 10, what is -3562 - -18?
-3544
In base 14, what is -74d - -4?
-749
In base 8, what is 1 + 6376021?
6376022
In base 7, what is 2 - 166522?
-166520
In base 2, what is -111110100111 - 1011110?
-1000000000101
In base 4, what is -2322 + -121331?
-130313
In base 8, what is 407211 + 3?
407214
In base 16, what is b - -10fe6?
10ff1
In base 2, what is 100011111000110 + 1001110?
100100000010100
In base 9, what is 2258 + 42?
2311
In base 4, what is -200 + 22232031?
22231231
In base 16, what is c41 - -5?
c46
In base 8, what is -11401 - 3?
-11404
In base 7, what is 364646 + 1?
364650
In base 13, what is b6 + 31ba?
32a3
In base 9, what is 1170 + 4604?
5774
In base 4, what is -3 - 2301030?
-2301033
In base 8, what is -313463 - 6?
-313471
In base 10, what is -121 + -421?
-542
In base 3, what is -111221201 + -1001110?
-120000011
In base 5, what is -2320 - -232300?
224430
In base 13, what is -427 + -1b1?
-608
In base 11, what is 3 + -1063?
-1060
In base 5, what is -1313 + 1021321?
1020003
In base 11, what is 773885 - -3?
773888
In base 12, what is a7 + -59?
4a
In base 7, what is 101 - -133425?
133526
In base 7, what is 41 + -12026?
-11655
In base 11, what is -1 + a482?
a481
In base 7, what is -43 - -14440?
14364
In base 8, what is 32054 - -53?
32127
In base 6, what is 15433135 - -10?
15433145
In base 4, what is 10 - -1311302132?
1311302202
In base 5, what is 32 - -221141?
221223
In base 10, what is 9 + 296340?
296349
In base 9, what is 25115 - -43?
25158
In base 4, what is 0 - 12322100?
-12322100
In base 15, what is 11 + 6b9?
6ca
In base 3, what is 10012102 - -211101?
11000210
In base 15, what is 203 - -116c?
1370
In base 3, what is -10001 - 10121110?
-10201111
In base 5, what is 433 - 213223?
-212240
In b